{"id":1772,"date":"2022-05-12T11:38:51","date_gmt":"2022-05-12T17:38:51","guid":{"rendered":"http:\/\/190.56.9.148\/\/segeplan\/?page_id=1772"},"modified":"2026-04-08T11:44:27","modified_gmt":"2026-04-08T17:44:27","slug":"licenciada-luz-keila-virginia-gramajo-vilchez","status":"publish","type":"page","link":"https:\/\/portal.segeplan.gob.gt\/segeplan\/?page_id=1772","title":{"rendered":"Carlos Mendoza Alvarado"},"content":{"rendered":"<div class=\"fusion-fullwidth fullwidth-box fusion-builder-row-1 fusion-flex-container nonhundred-percent-fullwidth non-hundred-percent-height-scrolling\" style=\"background-color: rgba(255,255,255,0);background-position: center center;background-repeat: no-repeat;border-width: 0px 0px 0px 0px;border-color:#e2e2e2;border-style:solid;\" ><div class=\"fusion-builder-row fusion-row fusion-flex-align-items-flex-start\" style=\"max-width:1185.6px;margin-left: calc(-4% \/ 2 );margin-right: calc(-4% \/ 2 );\"><div class=\"fusion-layout-column fusion_builder_column fusion-builder-column-0 fusion_builder_column_1_1 1_1 fusion-flex-column\"><div class=\"fusion-column-wrapper fusion-flex-justify-content-flex-start fusion-content-layout-column\" style=\"background-position:left top;background-repeat:no-repeat;-webkit-background-size:cover;-moz-background-size:cover;-o-background-size:cover;background-size:cover;padding: 0px 0px 0px 0px;\"><div style=\"text-align:center;\"><span class=\" fusion-imageframe imageframe-none imageframe-1 hover-type-none\" style=\"max-width:450PX;\"><img decoding=\"async\" width=\"1707\" height=\"2560\" title=\"FOTOGRAF\u00cdA OFICIAL AUTORIDADES SEGEPLAN 2024-2028, FER-03256 2\" src=\"https:\/\/portal.segeplan.gob.gt\/segeplan\/wp-content\/uploads\/2026\/04\/FOTOGRAFIA-OFICIAL-AUTORIDADES-SEGEPLAN-2024-2028-FER-03256-2-scaled.jpg\" data-orig-src=\"https:\/\/portal.segeplan.gob.gt\/segeplan\/wp-content\/uploads\/2026\/04\/FOTOGRAFIA-OFICIAL-AUTORIDADES-SEGEPLAN-2024-2028-FER-03256-2-scaled.jpg\" class=\"lazyload img-responsive wp-image-14904\" srcset=\"data:image\/svg+xml,%3Csvg%20xmlns%3D%27http%3A%2F%2Fwww.w3.org%2F2000%2Fsvg%27%20width%3D%271707%27%20height%3D%272560%27%20viewBox%3D%270%200%201707%202560%27%3E%3Crect%20width%3D%271707%27%20height%3D%272560%27%20fill-opacity%3D%220%22%2F%3E%3C%2Fsvg%3E\" data-srcset=\"https:\/\/portal.segeplan.gob.gt\/segeplan\/wp-content\/uploads\/2026\/04\/FOTOGRAFIA-OFICIAL-AUTORIDADES-SEGEPLAN-2024-2028-FER-03256-2-200x300.jpg 200w, https:\/\/portal.segeplan.gob.gt\/segeplan\/wp-content\/uploads\/2026\/04\/FOTOGRAFIA-OFICIAL-AUTORIDADES-SEGEPLAN-2024-2028-FER-03256-2-400x600.jpg 400w, https:\/\/portal.segeplan.gob.gt\/segeplan\/wp-content\/uploads\/2026\/04\/FOTOGRAFIA-OFICIAL-AUTORIDADES-SEGEPLAN-2024-2028-FER-03256-2-600x900.jpg 600w, https:\/\/portal.segeplan.gob.gt\/segeplan\/wp-content\/uploads\/2026\/04\/FOTOGRAFIA-OFICIAL-AUTORIDADES-SEGEPLAN-2024-2028-FER-03256-2-800x1200.jpg 800w, https:\/\/portal.segeplan.gob.gt\/segeplan\/wp-content\/uploads\/2026\/04\/FOTOGRAFIA-OFICIAL-AUTORIDADES-SEGEPLAN-2024-2028-FER-03256-2-1200x1800.jpg 1200w, https:\/\/portal.segeplan.gob.gt\/segeplan\/wp-content\/uploads\/2026\/04\/FOTOGRAFIA-OFICIAL-AUTORIDADES-SEGEPLAN-2024-2028-FER-03256-2-scaled.jpg 1707w\" data-sizes=\"auto\" data-orig-sizes=\"(max-width: 1024px) 100vw, (max-width: 640px) 100vw, 1200px\" \/><\/span><\/div><style type=\"text\/css\">@media only screen and (max-width:1024px) {.fusion-title.fusion-title-1{margin-top:10px!important; margin-right:0px!important;margin-bottom:15px!important;margin-left:0px!important;}}@media only screen and (max-width:640px) {.fusion-title.fusion-title-1{margin-top:10px!important; margin-right:0px!important;margin-bottom:10px!important; margin-left:0px!important;}}<\/style><div class=\"fusion-title title fusion-title-1 fusion-sep-none fusion-title-center fusion-title-text fusion-title-size-two\" style=\"margin-top:10px;margin-right:0px;margin-bottom:15px;margin-left:0px;\"><h2 class=\"title-heading-center fusion-responsive-typography-calculated\" style=\"margin:0;--fontSize:27.2;line-height:1.13;\"><\/h2><\/div><div class=\"fusion-text fusion-text-1\" style=\"text-align:justify;\"><h2 style=\"text-align: center;\" data-ogsc=\"black\"><b data-ogsc=\"\" data-olk-copy-source=\"MessageBody\">Carlos Mendoza Alvarado<\/b><\/h2>\n<h4 style=\"text-align: center;\">Secretario de Planificaci\u00f3n y Programacion de la Presidencia<\/h4>\n<div data-ogsc=\"black\">Economista y polit\u00f3logo nacido en Ciudad Guatemala (febrero, 1972). Cofundador del Movimiento Semilla, partido pol\u00edtico del que fue secretario de formaci\u00f3n pol\u00edtica a nivel nacional de enero 2019 a mayo 2022. En el servicio p\u00fablico se ha desempe\u00f1ado como director de Evaluaci\u00f3n Fiscal, en el Ministerio de Finanzas P\u00fablicas de Guatemala (abril 2016 -septiembre 2017). Sirvi\u00f3 tambi\u00e9n como miembro Ad Honorem de la Comisi\u00f3n Nacional para la Reforma de la Pol\u00edtica de Drogas (marzo 2014 &#8211; junio 2015).<\/div>\n<div data-ogsc=\"black\">Profesionalmente se ha desempe\u00f1ado como investigador de problemas sociales, especialmente relacionados con la violencia homicida y la inseguridad ciudadana. Tambi\u00e9n ha sido profesor universitario y recientemente labor\u00f3 en Di\u00e1logos, centro de investigaci\u00f3n, formaci\u00f3n e innovaci\u00f3n, donde ocup\u00f3 el cargo de Coordinador Acad\u00e9mico. Ha publicado con FLACSO-Guatemala y ha sido consultor para diversas instituciones, como el Informe de Desarrollo Humano del PNUD.<\/div>\n<\/div><div style=\"text-align:center;\"><style type=\"text\/css\">.fusion-button.button-1 {border-radius:50px;}<\/style><a class=\"fusion-button button-flat fusion-button-default-size button-default button-1 fusion-button-default-span fusion-button-default-type\" target=\"_self\" href=\"https:\/\/portal.segeplan.gob.gt\/segeplan\/?page_id=18\" style=\"margin-top:3%;\"><span class=\"fusion-button-text\">Nuestras Autoridades<\/span><\/a><\/div><\/div><style type=\"text\/css\">.fusion-body .fusion-builder-column-0{width:100% !important;margin-top : 0px;margin-bottom : 20px;}.fusion-builder-column-0 > .fusion-column-wrapper {padding-top : 0px !important;padding-right : 0px !important;margin-right : 1.92%;padding-bottom : 0px !important;padding-left : 0px !important;margin-left : 1.92%;}@media only screen and (max-width:1024px) {.fusion-body .fusion-builder-column-0{width:100% !important;order : 0;}.fusion-builder-column-0 > .fusion-column-wrapper {margin-right : 1.92%;margin-left : 1.92%;}}@media only screen and (max-width:640px) {.fusion-body .fusion-builder-column-0{width:100% !important;order : 0;}.fusion-builder-column-0 > .fusion-column-wrapper {margin-right : 1.92%;margin-left : 1.92%;}}<\/style><\/div><\/div><style type=\"text\/css\">.fusion-body .fusion-flex-container.fusion-builder-row-1{ padding-top : 0px;margin-top : 0px;padding-right : 0px;padding-bottom : 0px;margin-bottom : 0px;padding-left : 0px;}<\/style><\/div>\n","protected":false},"excerpt":{"rendered":"","protected":false},"author":1,"featured_media":0,"parent":18,"menu_order":0,"comment_status":"closed","ping_status":"closed","template":"","meta":{"_price":"","_stock":"","_tribe_ticket_header":"","_tribe_default_ticket_provider":"","_ticket_start_date":"","_ticket_end_date":"","_tribe_ticket_show_description":"","_tribe_ticket_show_not_going":false,"_tribe_ticket_use_global_stock":"","_tribe_ticket_global_stock_level":"","_global_stock_mode":"","_global_stock_cap":"","_tribe_rsvp_for_event":"","_tribe_ticket_going_count":"","_tribe_ticket_not_going_count":"","_tribe_tickets_list":"[]","_tribe_ticket_has_attendee_info_fields":false,"footnotes":"","_tec_slr_enabled":"","_tec_slr_layout":""},"class_list":["post-1772","page","type-page","status-publish","hentry"],"ticketed":false,"_links":{"self":[{"href":"https:\/\/portal.segeplan.gob.gt\/segeplan\/index.php?rest_route=\/wp\/v2\/pages\/1772","targetHints":{"allow":["GET"]}}],"collection":[{"href":"https:\/\/portal.segeplan.gob.gt\/segeplan\/index.php?rest_route=\/wp\/v2\/pages"}],"about":[{"href":"https:\/\/portal.segeplan.gob.gt\/segeplan\/index.php?rest_route=\/wp\/v2\/types\/page"}],"author":[{"embeddable":true,"href":"https:\/\/portal.segeplan.gob.gt\/segeplan\/index.php?rest_route=\/wp\/v2\/users\/1"}],"replies":[{"embeddable":true,"href":"https:\/\/portal.segeplan.gob.gt\/segeplan\/index.php?rest_route=%2Fwp%2Fv2%2Fcomments&post=1772"}],"version-history":[{"count":25,"href":"https:\/\/portal.segeplan.gob.gt\/segeplan\/index.php?rest_route=\/wp\/v2\/pages\/1772\/revisions"}],"predecessor-version":[{"id":14925,"href":"https:\/\/portal.segeplan.gob.gt\/segeplan\/index.php?rest_route=\/wp\/v2\/pages\/1772\/revisions\/14925"}],"up":[{"embeddable":true,"href":"https:\/\/portal.segeplan.gob.gt\/segeplan\/index.php?rest_route=\/wp\/v2\/pages\/18"}],"wp:attachment":[{"href":"https:\/\/portal.segeplan.gob.gt\/segeplan\/index.php?rest_route=%2Fwp%2Fv2%2Fmedia&parent=1772"}],"curies":[{"name":"wp","href":"https:\/\/api.w.org\/{rel}","templated":true}]}}

<div class="fusion-fullwidth fullwidth-box fusion-builder-row-1 fusion-flex-container nonhundred-percent-fullwidth non-hundred-percent-height-scrolling" style="background-color: rgba(255,255,255,0);background-position: center center;background-repeat: no-repeat;border-width: 0px 0px 0px 0px;border-color:#e2e2e2;border-style:solid;" ><div class="fusion-builder-row fusion-row fusion-flex-align-items-flex-start" style="max-width:1185.6px;margin-left: calc(-4% / 2 );margin-right: calc(-4% / 2 );"><div class="fusion-layout-column fusion_builder_column fusion-builder-column-0 fusion_builder_column_1_1 1_1 fusion-flex-column"><div class="fusion-column-wrapper fusion-flex-justify-content-flex-start fusion-content-layout-column" style="background-position:left top;background-repeat:no-repeat;-webkit-background-size:cover;-moz-background-size:cover;-o-background-size:cover;background-size:cover;padding: 0px 0px 0px 0px;"><div style="text-align:center;"><span class=" fusion-imageframe imageframe-none imageframe-1 hover-type-none" style="max-width:450PX;"><img decoding="async" width="1707" height="2560" title="FOTOGRAFÍA OFICIAL AUTORIDADES SEGEPLAN 2024-2028, FER-03256 2" src="https://portal.segeplan.gob.gt/segeplan/wp-content/uploads/2026/04/FOTOGRAFIA-OFICIAL-AUTORIDADES-SEGEPLAN-2024-2028-FER-03256-2-scaled.jpg" data-orig-src="https://portal.segeplan.gob.gt/segeplan/wp-content/uploads/2026/04/FOTOGRAFIA-OFICIAL-AUTORIDADES-SEGEPLAN-2024-2028-FER-03256-2-scaled.jpg" class="lazyload img-responsive wp-image-14904" srcset="data:image/svg+xml,%3Csvg%20xmlns%3D%27http%3A%2F%2Fwww.w3.org%2F2000%2Fsvg%27%20width%3D%271707%27%20height%3D%272560%27%20viewBox%3D%270%200%201707%202560%27%3E%3Crect%20width%3D%271707%27%20height%3D%272560%27%20fill-opacity%3D%220%22%2F%3E%3C%2Fsvg%3E" data-srcset="https://portal.segeplan.gob.gt/segeplan/wp-content/uploads/2026/04/FOTOGRAFIA-OFICIAL-AUTORIDADES-SEGEPLAN-2024-2028-FER-03256-2-200x300.jpg 200w, https://portal.segeplan.gob.gt/segeplan/wp-content/uploads/2026/04/FOTOGRAFIA-OFICIAL-AUTORIDADES-SEGEPLAN-2024-2028-FER-03256-2-400x600.jpg 400w, https://portal.segeplan.gob.gt/segeplan/wp-content/uploads/2026/04/FOTOGRAFIA-OFICIAL-AUTORIDADES-SEGEPLAN-2024-2028-FER-03256-2-600x900.jpg 600w, https://portal.segeplan.gob.gt/segeplan/wp-content/uploads/2026/04/FOTOGRAFIA-OFICIAL-AUTORIDADES-SEGEPLAN-2024-2028-FER-03256-2-800x1200.jpg 800w, https://portal.segeplan.gob.gt/segeplan/wp-content/uploads/2026/04/FOTOGRAFIA-OFICIAL-AUTORIDADES-SEGEPLAN-2024-2028-FER-03256-2-1200x1800.jpg 1200w, https://portal.segeplan.gob.gt/segeplan/wp-content/uploads/2026/04/FOTOGRAFIA-OFICIAL-AUTORIDADES-SEGEPLAN-2024-2028-FER-03256-2-scaled.jpg 1707w" data-sizes="auto" data-orig-sizes="(max-width: 1024px) 100vw, (max-width: 640px) 100vw, 1200px" /></span></div><style type="text/css">@media only screen and (max-width:1024px) {.fusion-title.fusion-title-1{margin-top:10px!important; margin-right:0px!important;margin-bottom:15px!important;margin-left:0px!important;}}@media only screen and (max-width:640px) {.fusion-title.fusion-title-1{margin-top:10px!important; margin-right:0px!important;margin-bottom:10px!important; margin-left:0px!important;}}</style><div class="fusion-title title fusion-title-1 fusion-sep-none fusion-title-center fusion-title-text fusion-title-size-two" style="margin-top:10px;margin-right:0px;margin-bottom:15px;margin-left:0px;"><h2 class="title-heading-center fusion-responsive-typography-calculated" style="margin:0;--fontSize:27.2;line-height:1.13;"></h2></div><div class="fusion-text fusion-text-1" style="text-align:justify;"><h2 style="text-align: center;" data-ogsc="black"><b data-ogsc="" data-olk-copy-source="MessageBody">Carlos Mendoza Alvarado</b></h2>
<h4 style="text-align: center;">Secretario de Planificación y Programacion de la Presidencia</h4>
<div data-ogsc="black">Economista y politólogo nacido en Ciudad Guatemala (febrero, 1972). Cofundador del Movimiento Semilla, partido político del que fue secretario de formación política a nivel nacional de enero 2019 a mayo 2022. En el servicio público se ha desempeñado como director de Evaluación Fiscal, en el Ministerio de Finanzas Públicas de Guatemala (abril 2016 -septiembre 2017). Sirvió también como miembro Ad Honorem de la Comisión Nacional para la Reforma de la Política de Drogas (marzo 2014 &#8211; junio 2015).</div>
<div data-ogsc="black">Profesionalmente se ha desempeñado como investigador de problemas sociales, especialmente relacionados con la violencia homicida y la inseguridad ciudadana. También ha sido profesor universitario y recientemente laboró en Diálogos, centro de investigación, formación e innovación, donde ocupó el cargo de Coordinador Académico. Ha publicado con FLACSO-Guatemala y ha sido consultor para diversas instituciones, como el Informe de Desarrollo Humano del PNUD.</div>
</div><div style="text-align:center;"><style type="text/css">.fusion-button.button-1 {border-radius:50px;}</style><a class="fusion-button button-flat fusion-button-default-size button-default button-1 fusion-button-default-span fusion-button-default-type" target="_self" href="https://portal.segeplan.gob.gt/segeplan/?page_id=18" style="margin-top:3%;"><span class="fusion-button-text">Nuestras Autoridades</span></a></div></div><style type="text/css">.fusion-body .fusion-builder-column-0{width:100% !important;margin-top : 0px;margin-bottom : 20px;}.fusion-builder-column-0 > .fusion-column-wrapper {padding-top : 0px !important;padding-right : 0px !important;margin-right : 1.92%;padding-bottom : 0px !important;padding-left : 0px !important;margin-left : 1.92%;}@media only screen and (max-width:1024px) {.fusion-body .fusion-builder-column-0{width:100% !important;order : 0;}.fusion-builder-column-0 > .fusion-column-wrapper {margin-right : 1.92%;margin-left : 1.92%;}}@media only screen and (max-width:640px) {.fusion-body .fusion-builder-column-0{width:100% !important;order : 0;}.fusion-builder-column-0 > .fusion-column-wrapper {margin-right : 1.92%;margin-left : 1.92%;}}</style></div></div><style type="text/css">.fusion-body .fusion-flex-container.fusion-builder-row-1{ padding-top : 0px;margin-top : 0px;padding-right : 0px;padding-bottom : 0px;margin-bottom : 0px;padding-left : 0px;}</style></div>
