{"id":6233,"date":"2022-08-11T15:02:59","date_gmt":"2022-08-11T21:02:59","guid":{"rendered":"https:\/\/portal.segeplan.gob.gt\/segeplan\/?page_id=6233"},"modified":"2022-08-11T15:13:16","modified_gmt":"2022-08-11T21:13:16","slug":"gobierno-abierto-compromiso-18-del-tercer-plan-de-accion","status":"publish","type":"page","link":"https:\/\/portal.segeplan.gob.gt\/segeplan\/?page_id=6233","title":{"rendered":"Gobierno Abierto, compromiso 18 del Tercer Plan de Acci\u00f3n"},"content":{"rendered":"<p><div class=\"fusion-fullwidth fullwidth-box fusion-builder-row-1 fusion-flex-container fusion-parallax-none hundred-percent-fullwidth non-hundred-percent-height-scrolling lazyload\" style=\"background-color: rgba(255,255,255,0);background-position: center center;background-repeat: no-repeat;border-width: 0px 0px 0px 0px;border-color:#e2e2e2;border-style:solid;-webkit-background-size:cover;-moz-background-size:cover;-o-background-size:cover;background-size:cover;\" data-bg=\"https:\/\/portal.segeplan.gob.gt\/segeplan\/wp-content\/uploads\/2022\/08\/Gobierno_Abierto.png\" ><div class=\"fusion-builder-row fusion-row fusion-flex-align-items-flex-start\" style=\"width:104% !important;max-width:104% !important;margin-left: calc(-4% \/ 2 );margin-right: calc(-4% \/ 2 );\"><div class=\"fusion-layout-column fusion_builder_column fusion-builder-column-0 fusion_builder_column_1_1 1_1 fusion-flex-column\"><div class=\"fusion-column-wrapper fusion-flex-justify-content-flex-start fusion-content-layout-column\" style=\"background-position:left top;background-repeat:no-repeat;-webkit-background-size:cover;-moz-background-size:cover;-o-background-size:cover;background-size:cover;padding: 0px 0px 0px 0px;\"><\/div><style type=\"text\/css\">.fusion-body .fusion-builder-column-0{width:100% !important;margin-top : 0px;margin-bottom : 20px;}.fusion-builder-column-0 > .fusion-column-wrapper {padding-top : 0px !important;padding-right : 0px !important;margin-right : 1.92%;padding-bottom : 0px !important;padding-left : 0px !important;margin-left : 1.92%;}@media only screen and (max-width:1024px) {.fusion-body .fusion-builder-column-0{width:100% !important;order : 0;}.fusion-builder-column-0 > .fusion-column-wrapper {margin-right : 1.92%;margin-left : 1.92%;}}@media only screen and (max-width:640px) {.fusion-body .fusion-builder-column-0{width:100% !important;order : 0;}.fusion-builder-column-0 > .fusion-column-wrapper {margin-right : 1.92%;margin-left : 1.92%;}}<\/style><\/div><\/div><style type=\"text\/css\">.fusion-body .fusion-flex-container.fusion-builder-row-1{ padding-top : 0px;margin-top : 0px;padding-right : 0px;padding-bottom : 0px;margin-bottom : 0px;padding-left : 0px;}<\/style><\/div><div class=\"fusion-fullwidth fullwidth-box fusion-builder-row-2 fusion-flex-container nonhundred-percent-fullwidth non-hundred-percent-height-scrolling\" style=\"background-color: rgba(255,255,255,0);background-position: center center;background-repeat: no-repeat;border-width: 0px 0px 0px 0px;border-color:#e2e2e2;border-style:solid;\" ><div class=\"fusion-builder-row fusion-row fusion-flex-align-items-flex-start\" style=\"max-width:1185.6px;margin-left: calc(-4% \/ 2 );margin-right: calc(-4% \/ 2 );\"><div class=\"fusion-layout-column fusion_builder_column fusion-builder-column-1 fusion_builder_column_1_1 1_1 fusion-flex-column\"><div class=\"fusion-column-wrapper fusion-flex-justify-content-flex-start fusion-content-layout-column\" style=\"background-position:left top;background-repeat:no-repeat;-webkit-background-size:cover;-moz-background-size:cover;-o-background-size:cover;background-size:cover;padding: 0px 0px 0px 0px;\"><div class=\"fusion-builder-row fusion-builder-row-inner fusion-row fusion-flex-align-items-flex-start\" style=\"width:104% !important;max-width:104% !important;margin-left: calc(-4% \/ 2 );margin-right: calc(-4% \/ 2 );\"><div class=\"fusion-layout-column fusion_builder_column_inner fusion-builder-nested-column-0 fusion_builder_column_inner_5_6 5_6 fusion-flex-column\"><div class=\"fusion-column-wrapper fusion-flex-justify-content-flex-start fusion-content-layout-column\" style=\"background-position:left top;background-repeat:no-repeat;-webkit-background-size:cover;-moz-background-size:cover;-o-background-size:cover;background-size:cover;padding: 0px 0px 0px 0px;\"><div class=\"fusion-text fusion-text-1\"><h4 style=\"text-align: left;\"><strong>TERCER PLAN DE ACCI\u00d3N<\/strong><\/h4>\n<h4 style=\"text-align: left;\"><strong>EJE 5 |<\/strong>\u00a0TRANSPARENCIA FISCAL<strong><br \/>\n<\/strong><br \/>\n<strong>COMPROMISO 18\u00a0<\/strong>| Acciones para mejorar la disponibilidad y calidad de la informaci\u00f3n presupuestaria<\/h4>\n<p style=\"text-align: left;\">Meta 5 |<\/p>\n<p style=\"text-align: justify;\">\u00a0Publicaci\u00f3n\u00a0 y\u00a0 difusi\u00f3n\u00a0 de\u00a0 informes\u00a0 para\u00a0 monitorear\u00a0 las\u00a0 etapas\u00a0 de\u00a0 ejecuci\u00f3n\u00a0 de\u00a0 los\u00a0 pr\u00e9stamos\u00a0 y\u00a0 donaciones\u00a0 (suscripci\u00f3n, ejecuci\u00f3n, actores, avances de la ejecuci\u00f3n y conclusi\u00f3n de los proyectos)<\/p>\n<p style=\"text-align: left;\"><strong>Entidad responsable<\/strong>: Ministerio de Finanzas P\u00fablicas<\/p>\n<p style=\"text-align: justify;\"><strong>Otros actores<\/strong>: Secretar\u00eda de Planificaci\u00f3n y Programaci\u00f3n de la Presidencia -SEGEPLAN-, Organizaciones de Sociedad Civ\u00edl que participan en Gobierno Abierto<\/p>\n<p style=\"text-align: left;\"><strong>Medios de verificaci\u00f3n<\/strong><\/p>\n<p style=\"text-align: left;\">Informe anual sobre la ejecuci\u00f3n de donaciones corrientes previstas en el Presupuesto General de Ingresos y Egresos del Estado para el Ejercicio Fiscal 2017<\/p>\n<ul style=\"text-align: left;\">\n<li><a title=\"Descargar informe\" href=\"https:\/\/www.segeplan.gob.gt\/nportal\/images\/Gobierno_Abierto\/Informe-CINR-Suscrita-2017-Gobierno-abierto.pdf\">Informe sobre Cooperaci\u00f3n Internacional No Reembolsable (CINR) en Cifras \u2013 Datos de Programas y Proyectos de CINR suscritos, ejercicio 2017<\/a><\/li>\n<\/ul>\n<p style=\"text-align: left;\">Informe anual sobre la ejecuci\u00f3n de donaciones corrientes previstas en el Presupuesto General de Ingresos y Egresos del Estado para el Ejercicio Fiscal 2016<\/p>\n<ul style=\"text-align: left;\">\n<li><a title=\"Descargar informe\" href=\"https:\/\/www.segeplan.gob.gt\/nportal\/images\/Gobierno_Abierto\/09112016-Informe-CINR-Suscrita-2016-DGCI.pdf\">Informe sobre Cooperaci\u00f3n Internacional No Reembolsable (CINR) en Cifras \u2013 Datos de Programas y Proyectos de CINR suscritos, ejercicio 2016<\/a><\/li>\n<\/ul>\n<p style=\"text-align: left;\">Informe mensual sobre la ejecuci\u00f3n de donaciones corrientes previstas en el Presupuesto General de Ingresos y Egresos del Estado para el Ejercicio Fiscal Anual<\/p>\n<\/div><\/div><style type=\"text\/css\">.fusion-body .fusion-builder-nested-column-0{width:83.333333333333% !important;margin-top : 0px;margin-bottom : 20px;}.fusion-builder-nested-column-0 > .fusion-column-wrapper {padding-top : 0px !important;padding-right : 0px !important;margin-right : 2.304%;padding-bottom : 0px !important;padding-left : 0px !important;margin-left : 2.304%;}@media only screen and (max-width:1024px) {.fusion-body .fusion-builder-nested-column-0{width:100% !important;order : 0;}.fusion-builder-nested-column-0 > .fusion-column-wrapper {margin-right : 1.92%;margin-left : 1.92%;}}@media only screen and (max-width:640px) {.fusion-body .fusion-builder-nested-column-0{width:100% !important;order : 0;}.fusion-builder-nested-column-0 > .fusion-column-wrapper {margin-right : 1.92%;margin-left : 1.92%;}}<\/style><\/div><\/div><\/div><style type=\"text\/css\">.fusion-body .fusion-builder-column-1{width:100% !important;margin-top : 0px;margin-bottom : 20px;}.fusion-builder-column-1 > .fusion-column-wrapper {padding-top : 0px !important;padding-right : 0px !important;margin-right : 1.92%;padding-bottom : 0px !important;padding-left : 0px !important;margin-left : 1.92%;}@media only screen and (max-width:1024px) {.fusion-body .fusion-builder-column-1{width:100% !important;order : 0;}.fusion-builder-column-1 > .fusion-column-wrapper {margin-right : 1.92%;margin-left : 1.92%;}}@media only screen and (max-width:640px) {.fusion-body .fusion-builder-column-1{width:100% !important;order : 0;}.fusion-builder-column-1 > .fusion-column-wrapper {margin-right : 1.92%;margin-left : 1.92%;}}<\/style><\/div><\/div><style type=\"text\/css\">.fusion-body .fusion-flex-container.fusion-builder-row-2{ padding-top : 0px;margin-top : 0px;padding-right : 0px;padding-bottom : 0px;margin-bottom : 0px;padding-left : 0px;}<\/style><\/div><\/p>\n","protected":false},"excerpt":{"rendered":"","protected":false},"author":1,"featured_media":0,"parent":0,"menu_order":0,"comment_status":"closed","ping_status":"closed","template":"100-width.php","meta":{"_price":"","_stock":"","_tribe_ticket_header":"","_tribe_default_ticket_provider":"","_ticket_start_date":"","_ticket_end_date":"","_tribe_ticket_show_description":"","_tribe_ticket_show_not_going":false,"_tribe_ticket_use_global_stock":"","_tribe_ticket_global_stock_level":"","_global_stock_mode":"","_global_stock_cap":"","_tribe_rsvp_for_event":"","_tribe_ticket_going_count":"","_tribe_ticket_not_going_count":"","_tribe_tickets_list":"[]","_tribe_ticket_has_attendee_info_fields":false,"footnotes":"","_tec_slr_enabled":"","_tec_slr_layout":""},"class_list":["post-6233","page","type-page","status-publish","hentry"],"ticketed":false,"_links":{"self":[{"href":"https:\/\/portal.segeplan.gob.gt\/segeplan\/index.php?rest_route=\/wp\/v2\/pages\/6233","targetHints":{"allow":["GET"]}}],"collection":[{"href":"https:\/\/portal.segeplan.gob.gt\/segeplan\/index.php?rest_route=\/wp\/v2\/pages"}],"about":[{"href":"https:\/\/portal.segeplan.gob.gt\/segeplan\/index.php?rest_route=\/wp\/v2\/types\/page"}],"author":[{"embeddable":true,"href":"https:\/\/portal.segeplan.gob.gt\/segeplan\/index.php?rest_route=\/wp\/v2\/users\/1"}],"replies":[{"embeddable":true,"href":"https:\/\/portal.segeplan.gob.gt\/segeplan\/index.php?rest_route=%2Fwp%2Fv2%2Fcomments&post=6233"}],"version-history":[{"count":8,"href":"https:\/\/portal.segeplan.gob.gt\/segeplan\/index.php?rest_route=\/wp\/v2\/pages\/6233\/revisions"}],"predecessor-version":[{"id":6235,"href":"https:\/\/portal.segeplan.gob.gt\/segeplan\/index.php?rest_route=\/wp\/v2\/pages\/6233\/revisions\/6235"}],"wp:attachment":[{"href":"https:\/\/portal.segeplan.gob.gt\/segeplan\/index.php?rest_route=%2Fwp%2Fv2%2Fmedia&parent=6233"}],"curies":[{"name":"wp","href":"https:\/\/api.w.org\/{rel}","templated":true}]}}