{"id":7720,"date":"2022-12-02T15:24:49","date_gmt":"2022-12-02T21:24:49","guid":{"rendered":"https:\/\/portal.segeplan.gob.gt\/segeplan\/?page_id=7720"},"modified":"2026-03-12T16:02:07","modified_gmt":"2026-03-12T22:02:07","slug":"centro-de-documentacion","status":"publish","type":"page","link":"https:\/\/portal.segeplan.gob.gt\/segeplan\/?page_id=7720","title":{"rendered":"Centro de documentaci\u00f3n"},"content":{"rendered":"<p><div class=\"fusion-fullwidth fullwidth-box fusion-builder-row-1 fusion-flex-container hundred-percent-fullwidth non-hundred-percent-height-scrolling\" style=\"background-color: #045184;background-position: center center;background-repeat: no-repeat;border-width: 0px 0px 0px 0px;border-color:#e2e2e2;border-style:solid;\" ><div class=\"fusion-builder-row fusion-row fusion-flex-align-items-flex-start\" style=\"width:104% !important;max-width:104% !important;margin-left: calc(-4% \/ 2 );margin-right: calc(-4% \/ 2 );\"><div class=\"fusion-layout-column fusion_builder_column fusion-builder-column-0 fusion_builder_column_1_1 1_1 fusion-flex-column\"><div class=\"fusion-column-wrapper fusion-flex-justify-content-flex-start fusion-content-layout-column\" style=\"background-position:left top;background-repeat:no-repeat;-webkit-background-size:cover;-moz-background-size:cover;-o-background-size:cover;background-size:cover;padding: 0px 0px 0px 0px;\"><style type=\"text\/css\">@media only screen and (max-width:1024px) {.fusion-title.fusion-title-1{margin-top:5%!important; margin-right:5%!important;margin-bottom:5%!important;margin-left:5%!important;}}@media only screen and (max-width:640px) {.fusion-title.fusion-title-1{margin-top:10px!important; margin-right:0px!important;margin-bottom:10px!important; margin-left:0px!important;}}<\/style><div class=\"fusion-title title fusion-title-1 fusion-sep-none fusion-title-center fusion-title-text fusion-title-size-two\" style=\"font-size:50px;margin-top:5%;margin-right:5%;margin-bottom:5%;margin-left:5%;\"><h2 class=\"title-heading-center fusion-responsive-typography-calculated\" style=\"font-family:&#039;Times New Roman&#039;, Times,serif;font-weight:400;margin:0;font-size:1em;color:#ffffff;--fontSize:50;line-height:1.2;\">Centro de Documentaci\u00f3n<\/h2><\/div><\/div><style type=\"text\/css\">.fusion-body .fusion-builder-column-0{width:100% !important;margin-top : 0px;margin-bottom : 20px;}.fusion-builder-column-0 > .fusion-column-wrapper {padding-top : 0px !important;padding-right : 0px !important;margin-right : 1.92%;padding-bottom : 0px !important;padding-left : 0px !important;margin-left : 1.92%;}@media only screen and (max-width:1024px) {.fusion-body .fusion-builder-column-0{width:100% !important;order : 0;}.fusion-builder-column-0 > .fusion-column-wrapper {margin-right : 1.92%;margin-left : 1.92%;}}@media only screen and (max-width:640px) {.fusion-body .fusion-builder-column-0{width:100% !important;order : 0;}.fusion-builder-column-0 > .fusion-column-wrapper {margin-right : 1.92%;margin-left : 1.92%;}}<\/style><\/div><\/div><style type=\"text\/css\">.fusion-body .fusion-flex-container.fusion-builder-row-1{ padding-top : 0px;margin-top : 0px;padding-right : 0px;padding-bottom : 0px;margin-bottom : 0px;padding-left : 0px;}<\/style><\/div><div class=\"fusion-fullwidth fullwidth-box fusion-builder-row-2 fusion-flex-container nonhundred-percent-fullwidth non-hundred-percent-height-scrolling\" style=\"background-color: rgba(255,255,255,0);background-position: center center;background-repeat: no-repeat;border-width: 0px 0px 0px 0px;border-color:#e2e2e2;border-style:solid;\" ><div class=\"fusion-builder-row fusion-row fusion-flex-align-items-flex-start\" style=\"max-width:1185.6px;margin-left: calc(-4% \/ 2 );margin-right: calc(-4% \/ 2 );\"><div class=\"fusion-layout-column fusion_builder_column fusion-builder-column-1 fusion_builder_column_1_1 1_1 fusion-flex-column\"><div class=\"fusion-column-wrapper fusion-flex-justify-content-flex-start fusion-content-layout-column\" style=\"background-position:left top;background-repeat:no-repeat;-webkit-background-size:cover;-moz-background-size:cover;-o-background-size:cover;background-size:cover;padding: 0px 0px 0px 0px;\"><div class=\"fusion-text fusion-text-1\" style=\"font-family:&#039;Times New Roman&#039;, Times,serif;font-weight:400;margin-top:5%;\"><p>Est\u00e1 al servicio de todas las personas e instituciones guatemaltecas y extranjeras, socias en la cooperaci\u00f3n internacional y otras interesadas en investigar el desarrollo social, pol\u00edtico y econ\u00f3mico de Guatemala.<\/p>\n<\/div><div class=\"fusion-separator fusion-full-width-sep\" style=\"align-self: center;margin-left: auto;margin-right: auto;width:100%;\"><div class=\"fusion-separator-border sep-shadow\" style=\"background:radial-gradient(ellipse at 50% -50% , #e2e2e2 0px, rgba(255, 255, 255, 0) 80%) repeat scroll 0 0 rgba(0, 0, 0, 0);background:-webkit-radial-gradient(ellipse at 50% -50% , #e2e2e2 0px, rgba(255, 255, 255, 0) 80%) repeat scroll 0 0 rgba(0, 0, 0, 0);background:-moz-radial-gradient(ellipse at 50% -50% , #e2e2e2 0px, rgba(255, 255, 255, 0) 80%) repeat scroll 0 0 rgba(0, 0, 0, 0);background:-o-radial-gradient(ellipse at 50% -50% , #e2e2e2 0px, rgba(255, 255, 255, 0) 80%) repeat scroll 0 0 rgba(0, 0, 0, 0);\"><\/div><\/div><\/div><style type=\"text\/css\">.fusion-body .fusion-builder-column-1{width:100% !important;margin-top : 0px;margin-bottom : 20px;}.fusion-builder-column-1 > .fusion-column-wrapper {padding-top : 0px !important;padding-right : 0px !important;margin-right : 1.92%;padding-bottom : 0px !important;padding-left : 0px !important;margin-left : 1.92%;}@media only screen and (max-width:1024px) {.fusion-body .fusion-builder-column-1{width:100% !important;order : 0;}.fusion-builder-column-1 > .fusion-column-wrapper {margin-right : 1.92%;margin-left : 1.92%;}}@media only screen and (max-width:640px) {.fusion-body .fusion-builder-column-1{width:100% !important;order : 0;}.fusion-builder-column-1 > .fusion-column-wrapper {margin-right : 1.92%;margin-left : 1.92%;}}<\/style><\/div><div class=\"fusion-layout-column fusion_builder_column fusion-builder-column-2 fusion_builder_column_1_2 1_2 fusion-flex-column\"><div class=\"fusion-column-wrapper fusion-flex-justify-content-flex-start fusion-content-layout-column\" style=\"background-position:left top;background-repeat:no-repeat;-webkit-background-size:cover;-moz-background-size:cover;-o-background-size:cover;background-size:cover;padding: 0px 0px 0px 0px;\"><div style=\"text-align:center;\"><span class=\" fusion-imageframe imageframe-none imageframe-1 hover-type-none\" style=\"max-width:1100PX;margin-top:5%;\"><img decoding=\"async\" width=\"149\" height=\"192\" title=\"casaloteria\" src=\"data:image\/svg+xml,%3Csvg%20xmlns%3D%27http%3A%2F%2Fwww.w3.org%2F2000%2Fsvg%27%20width%3D%27149%27%20height%3D%27192%27%20viewBox%3D%270%200%20149%20192%27%3E%3Crect%20width%3D%27149%27%20height%3D%27192%27%20fill-opacity%3D%220%22%2F%3E%3C%2Fsvg%3E\" data-orig-src=\"https:\/\/portal.segeplan.gob.gt\/segeplan\/wp-content\/uploads\/2022\/12\/casaloteria.jpg\" class=\"lazyload img-responsive wp-image-7723\"\/><\/span><\/div><\/div><style type=\"text\/css\">.fusion-body .fusion-builder-column-2{width:50% !important;margin-top : 0px;margin-bottom : 20px;}.fusion-builder-column-2 > .fusion-column-wrapper {padding-top : 0px !important;padding-right : 0px !important;margin-right : 3.84%;padding-bottom : 0px !important;padding-left : 0px !important;margin-left : 3.84%;}@media only screen and (max-width:1024px) {.fusion-body .fusion-builder-column-2{width:100% !important;order : 0;}.fusion-builder-column-2 > .fusion-column-wrapper {margin-right : 1.92%;margin-left : 1.92%;}}@media only screen and (max-width:640px) {.fusion-body .fusion-builder-column-2{width:100% !important;order : 0;}.fusion-builder-column-2 > .fusion-column-wrapper {margin-right : 1.92%;margin-left : 1.92%;}}<\/style><\/div><div class=\"fusion-layout-column fusion_builder_column fusion-builder-column-3 fusion_builder_column_1_2 1_2 fusion-flex-column\"><div class=\"fusion-column-wrapper fusion-flex-justify-content-flex-start fusion-content-layout-column\" style=\"background-position:left top;background-repeat:no-repeat;-webkit-background-size:cover;-moz-background-size:cover;-o-background-size:cover;background-size:cover;background-color:#d3d3d3;padding: 0px 0px 0px 0px;\"><div class=\"fusion-text fusion-text-2 fusion-text-no-margin\" style=\"font-family:&#039;Times New Roman&#039;, Times,serif;font-weight:400;margin-top:5px;margin-right:5PX;margin-bottom:5PX;margin-left:5PX;\"><p><strong>Ubicaci\u00f3n:\u00a0<\/strong>10 Av. 8-58 zona 1, Guatemala, Guatemala, &#8220;Antigua Casa de\u00a0 la Loter\u00eda Nacional&#8221;<\/p>\n<p><strong>Horario de Atenci\u00f3n:\u00a0<\/strong>De lunes a viernes de 09:00 a 16:30 horas<\/p>\n<p><strong>Cont\u00e1ctenos:\u00a0<\/strong>Para m\u00e1s informaci\u00f3n, cont\u00e1ctenos al correo:<\/p>\n<p><strong><span id=\"cloak15be27669a4745102786fa904b41e766\"><a href=\"mailto:edna.deleon@segeplan.gob.gt\">Biblioteca@segeplan.gob.gt<\/a><\/span> \u00a0<\/strong><\/p>\n<p>Llamando al\u00a0<strong>PBX<\/strong>:\u00a0<strong>2298-2770<\/strong><\/p>\n<\/div><\/div><style type=\"text\/css\">.fusion-body .fusion-builder-column-3{width:50% !important;margin-top : 0px;margin-bottom : 20px;}.fusion-builder-column-3 > .fusion-column-wrapper {padding-top : 0px !important;padding-right : 0px !important;margin-right : 3.84%;padding-bottom : 0px !important;padding-left : 0px !important;margin-left : 3.84%;}@media only screen and (max-width:1024px) {.fusion-body .fusion-builder-column-3{width:100% !important;order : 0;}.fusion-builder-column-3 > .fusion-column-wrapper {margin-right : 1.92%;margin-left : 1.92%;}}@media only screen and (max-width:640px) {.fusion-body .fusion-builder-column-3{width:100% !important;order : 0;}.fusion-builder-column-3 > .fusion-column-wrapper {margin-right : 1.92%;margin-left : 1.92%;}}<\/style><\/div><div class=\"fusion-layout-column fusion_builder_column fusion-builder-column-4 fusion_builder_column_1_1 1_1 fusion-flex-column\"><div class=\"fusion-column-wrapper fusion-flex-justify-content-flex-start fusion-content-layout-column\" style=\"background-position:left top;background-repeat:no-repeat;-webkit-background-size:cover;-moz-background-size:cover;-o-background-size:cover;background-size:cover;padding: 0px 0px 0px 0px;\"><style type=\"text\/css\">@media only screen and (max-width:1024px) {.fusion-title.fusion-title-2{margin-top:10px!important; margin-right:0px!important;margin-bottom:15px!important;margin-left:0px!important;}}@media only screen and (max-width:640px) {.fusion-title.fusion-title-2{margin-top:10px!important; margin-right:0px!important;margin-bottom:10px!important; margin-left:0px!important;}}<\/style><div class=\"fusion-title title fusion-title-2 fusion-title-center fusion-title-text fusion-title-size-two\" style=\"font-size:18PX;margin-top:10px;margin-right:0px;margin-bottom:15px;margin-left:0px;\"><div class=\"title-sep-container title-sep-container-left\"><div class=\"title-sep sep-single sep-dotted\" style=\"border-color:#898989;\"><\/div><\/div><span class=\"awb-title-spacer\"><\/span><h2 class=\"title-heading-center fusion-responsive-typography-calculated\" style=\"font-family:&#039;Times New Roman&#039;, Times,serif;font-weight:400;margin:0;font-size:1em;color:#014970;--fontSize:16;line-height:1.13;\"><strong>COLECCIONES:<\/strong><\/h2><span class=\"awb-title-spacer\"><\/span><div class=\"title-sep-container title-sep-container-right\"><div class=\"title-sep sep-single sep-dotted\" style=\"border-color:#898989;\"><\/div><\/div><\/div><style type=\"text\/css\">@media only screen and (max-width:1024px) {.fusion-title.fusion-title-3{margin-top:10px!important; margin-right:0px!important;margin-bottom:15px!important;margin-left:0px!important;}}@media only screen and (max-width:640px) {.fusion-title.fusion-title-3{margin-top:10px!important; margin-right:0px!important;margin-bottom:10px!important; margin-left:0px!important;}}<\/style><div class=\"fusion-title title fusion-title-3 fusion-sep-none fusion-title-text fusion-title-size-two\" style=\"font-size:15px;margin-top:10px;margin-right:0px;margin-bottom:15px;margin-left:0px;\"><h2 class=\"title-heading-left fusion-responsive-typography-calculated\" style=\"margin:0;font-size:1em;color:#045184;--fontSize:15;--minFontSize:15px;line-height:1.2;\">COLECCI\u00d3N SEGE<\/h2><\/div><div class=\"fusion-text fusion-text-3\" style=\"text-align:justify;\"><p align=\"justify\">Formada por documentos elaborados por SEGEPLAN; y que tanto los estudios como los informes trazan la historia de la planificaci\u00f3n y programaci\u00f3n del pa\u00eds, desde 1954 hasta la actualidad.\u00a0 Esta a su vez seccionada en dos sub-colecciones:<\/p>\n<ul>\n<li>\u00a0<strong>Sub Colecci\u00f3n\u00a0 Consultor\u00eda<\/strong>s: conformada por consultorias elaboradas para Segeplan durante el per\u00edodo 2008-2011.<\/li>\n<li><strong>\u00a0Sub Colecci\u00f3n del Sistema Nacional de Planificaci\u00f3n<\/strong>: Informaci\u00f3n recopilada\u00a0 y\u00a0 que es parte\u00a0 del proceso de investigaci\u00f3n y compilaci\u00f3n documental sobre el t\u00f3pico referente a la \u201cHistoria de la Planificaci\u00f3n del Desarrollo en Guatemala<\/li>\n<\/ul>\n<\/div><style type=\"text\/css\">@media only screen and (max-width:1024px) {.fusion-title.fusion-title-4{margin-top:10px!important; margin-right:0px!important;margin-bottom:15px!important;margin-left:0px!important;}}@media only screen and (max-width:640px) {.fusion-title.fusion-title-4{margin-top:10px!important; margin-right:0px!important;margin-bottom:10px!important; margin-left:0px!important;}}<\/style><div class=\"fusion-title title fusion-title-4 fusion-sep-none fusion-title-text fusion-title-size-two\" style=\"font-size:15px;margin-top:10px;margin-right:0px;margin-bottom:15px;margin-left:0px;\"><h2 class=\"title-heading-left fusion-responsive-typography-calculated\" style=\"margin:0;font-size:1em;color:#045184;--fontSize:15;--minFontSize:15px;line-height:1.2;\">COLECCI\u00d3N DOCU<\/h2><\/div><div class=\"fusion-text fusion-text-4\"><p>Formada por documentos elaborados por diversas instituciones del pa\u00eds; y que se relacionan con el accionar de esta Secretar\u00eda sirviendo de soporte y referencia a nuestro acervo bibliogr\u00e1fico y,<\/p>\n<\/div><style type=\"text\/css\">@media only screen and (max-width:1024px) {.fusion-title.fusion-title-5{margin-top:10px!important; margin-right:0px!important;margin-bottom:15px!important;margin-left:0px!important;}}@media only screen and (max-width:640px) {.fusion-title.fusion-title-5{margin-top:10px!important; margin-right:0px!important;margin-bottom:10px!important; margin-left:0px!important;}}<\/style><div class=\"fusion-title title fusion-title-5 fusion-sep-none fusion-title-text fusion-title-size-two\" style=\"font-size:15px;margin-top:10px;margin-right:0px;margin-bottom:15px;margin-left:0px;\"><h2 class=\"title-heading-left fusion-responsive-typography-calculated\" style=\"margin:0;font-size:1em;color:#045184;--fontSize:15;--minFontSize:15px;line-height:1.2;\">COLECCI\u00d3N SERIE<\/h2><\/div><div class=\"fusion-text fusion-text-5\"><p align=\"justify\">Formada por documentos elaborados por instituciones extranjeras, que incluye publicaciones peri\u00f3dicas de las agencias y pa\u00edses de cooperaci\u00f3n internacional, afines a esta Secretar\u00eda.<\/p>\n<p align=\"justify\"><strong>COLECCI\u00d3N LEGAL:<\/strong><br \/>\nConformada por\u00a0 los tomos del Diario de Centro Am\u00e9rica desde 1986 a la fecha;\u00a0 y que est\u00e1 fortalecida por publicaciones individuales en la materia.<\/p>\n<p align=\"justify\"><strong>SERVICIOS:<\/strong><\/p>\n<ul>\n<li>\u00a0<strong>Circulaci\u00f3n y pr\u00e9stamo<\/strong>: el material se pone a disposici\u00f3n de los usuarios mediante tres modalidades:<br \/>\n&#8211;\u00a0\u00a0\u00a0\u00a0<strong>Pr\u00e9stamo interno<\/strong>: todo usuario interno o externo, puede acceder a los documentos en sala\u00a0 de lectura.<br \/>\n&#8211;\u00a0\u00a0\u00a0\u00a0<strong>Pr\u00e9stamo externo<\/strong>: los Colaboradores de la Secretaria pueden retirar hasta cinco documentos, por cinco d\u00edas h\u00e1biles y de acuerdo con normas internas.<br \/>\n&#8211;\u00a0\u00a0\u00a0\u00a0<strong>Pr\u00e9stamo para fotocopias<\/strong>: El usuario externo\u00a0 si necesita reproducir informaci\u00f3n se le presta moment\u00e1neamente el material, previo a dejar documento de identificaci\u00f3n.<br \/>\n&#8211;\u00a0\u00a0\u00a0<strong>\u00a0Pr\u00e9stamo \u00ednter bibliotecario<\/strong>: se facilitan documentos a usuarios externos pertenecientes a entidades con las cuales se haya establecido el convenio. Se hace por escrito y la responsabilidad\u00a0 recae sobre la unidad de informaci\u00f3n receptora del documento. Tiene una duraci\u00f3n de dos d\u00edas h\u00e1biles con posibilidad de renovarlo.<br \/>\n&#8211;<\/li>\n<li><strong>Cat\u00e1logo en l\u00ednea<\/strong>: Puede realizar consultas al catalogo por autor, titulo, por temas o por palabras clave.<\/li>\n<li><strong>Servicio de referencia<\/strong>: Se instruye al usuario a encontrar la informaci\u00f3n que requiere o inclusive referirlos a otras unidades de informaci\u00f3n.<\/li>\n<li><strong>Diseminaci\u00f3n selectiva de la informaci\u00f3n<\/strong>: Consiste en informar peri\u00f3dicamente por correo electr\u00f3nico a los usuarios sobre temas de su inter\u00e9s<\/li>\n<li><strong>Orientaci\u00f3n\u00a0 al usuarios<\/strong>:\u00a0\u00a0 Consistente en brindar asesor\u00eda para el manejo de recursos documentales y de informaci\u00f3n del CD.<\/li>\n<\/ul>\n<\/div><div style=\"text-align:center;\"><style type=\"text\/css\">.fusion-button.button-1 {border-radius:50px;}<\/style><a class=\"fusion-button button-flat fusion-button-default-size button-default button-1 fusion-button-default-span fusion-button-default-type\" target=\"_blank\" rel=\"noopener noreferrer\" href=\"http:\/\/190.143.158.16\/opac\/\"><span class=\"fusion-button-text\">CONSULTAR EL CATALOGO EN L\u00cdNEA<\/span><\/a><\/div><\/div><style type=\"text\/css\">.fusion-body .fusion-builder-column-4{width:100% !important;margin-top : 0px;margin-bottom : 20px;}.fusion-builder-column-4 > .fusion-column-wrapper {padding-top : 0px !important;padding-right : 0px !important;margin-right : 1.92%;padding-bottom : 0px !important;padding-left : 0px !important;margin-left : 1.92%;}@media only screen and (max-width:1024px) {.fusion-body .fusion-builder-column-4{width:100% !important;order : 0;}.fusion-builder-column-4 > .fusion-column-wrapper {margin-right : 1.92%;margin-left : 1.92%;}}@media only screen and (max-width:640px) {.fusion-body .fusion-builder-column-4{width:100% !important;order : 0;}.fusion-builder-column-4 > .fusion-column-wrapper {margin-right : 1.92%;margin-left : 1.92%;}}<\/style><\/div><\/div><style type=\"text\/css\">.fusion-body .fusion-flex-container.fusion-builder-row-2{ padding-top : 0px;margin-top : 0px;padding-right : 0px;padding-bottom : 0px;margin-bottom : 0px;padding-left : 0px;}<\/style><\/div><\/p>\n","protected":false},"excerpt":{"rendered":"","protected":false},"author":1,"featured_media":0,"parent":0,"menu_order":0,"comment_status":"closed","ping_status":"closed","template":"100-width.php","meta":{"_price":"","_stock":"","_tribe_ticket_header":"","_tribe_default_ticket_provider":"","_ticket_start_date":"","_ticket_end_date":"","_tribe_ticket_show_description":"","_tribe_ticket_show_not_going":false,"_tribe_ticket_use_global_stock":"","_tribe_ticket_global_stock_level":"","_global_stock_mode":"","_global_stock_cap":"","_tribe_rsvp_for_event":"","_tribe_ticket_going_count":"","_tribe_ticket_not_going_count":"","_tribe_tickets_list":"[]","_tribe_ticket_has_attendee_info_fields":false,"footnotes":"","_tec_slr_enabled":"","_tec_slr_layout":""},"class_list":["post-7720","page","type-page","status-publish","hentry"],"ticketed":false,"_links":{"self":[{"href":"https:\/\/portal.segeplan.gob.gt\/segeplan\/index.php?rest_route=\/wp\/v2\/pages\/7720","targetHints":{"allow":["GET"]}}],"collection":[{"href":"https:\/\/portal.segeplan.gob.gt\/segeplan\/index.php?rest_route=\/wp\/v2\/pages"}],"about":[{"href":"https:\/\/portal.segeplan.gob.gt\/segeplan\/index.php?rest_route=\/wp\/v2\/types\/page"}],"author":[{"embeddable":true,"href":"https:\/\/portal.segeplan.gob.gt\/segeplan\/index.php?rest_route=\/wp\/v2\/users\/1"}],"replies":[{"embeddable":true,"href":"https:\/\/portal.segeplan.gob.gt\/segeplan\/index.php?rest_route=%2Fwp%2Fv2%2Fcomments&post=7720"}],"version-history":[{"count":37,"href":"https:\/\/portal.segeplan.gob.gt\/segeplan\/index.php?rest_route=\/wp\/v2\/pages\/7720\/revisions"}],"predecessor-version":[{"id":14822,"href":"https:\/\/portal.segeplan.gob.gt\/segeplan\/index.php?rest_route=\/wp\/v2\/pages\/7720\/revisions\/14822"}],"wp:attachment":[{"href":"https:\/\/portal.segeplan.gob.gt\/segeplan\/index.php?rest_route=%2Fwp%2Fv2%2Fmedia&parent=7720"}],"curies":[{"name":"wp","href":"https:\/\/api.w.org\/{rel}","templated":true}]}}