{"id":8170,"date":"2023-03-17T17:22:39","date_gmt":"2023-03-17T23:22:39","guid":{"rendered":"https:\/\/portal.segeplan.gob.gt\/segeplan\/?page_id=8170"},"modified":"2023-09-21T22:06:08","modified_gmt":"2023-09-22T04:06:08","slug":"lineamientos-2","status":"publish","type":"page","link":"https:\/\/portal.segeplan.gob.gt\/segeplan\/?page_id=8170","title":{"rendered":"LINEAMIENTOS"},"content":{"rendered":"<div class=\"fusion-fullwidth fullwidth-box fusion-builder-row-1 fusion-flex-container nonhundred-percent-fullwidth non-hundred-percent-height-scrolling\" style=\"background-color: rgba(255,255,255,0);background-position: center center;background-repeat: no-repeat;border-width: 0px 0px 0px 0px;border-color:#e2e2e2;border-style:solid;\" ><div class=\"fusion-builder-row fusion-row fusion-flex-align-items-flex-start\" style=\"max-width:1185.6px;margin-left: calc(-4% \/ 2 );margin-right: calc(-4% \/ 2 );\"><div class=\"fusion-layout-column fusion_builder_column fusion-builder-column-0 fusion_builder_column_1_1 1_1 fusion-flex-column\"><div class=\"fusion-column-wrapper fusion-flex-justify-content-flex-start fusion-content-layout-column\" style=\"background-position:left top;background-repeat:no-repeat;-webkit-background-size:cover;-moz-background-size:cover;-o-background-size:cover;background-size:cover;padding: 0px 0px 0px 0px;\"><style type=\"text\/css\">#accordion-8170-1 .fusion-panel:hover, #accordion-8170-1 .fusion-panel.hover{ background-color: #f9f9fb } #accordion-8170-1 .fusion-panel { border-color:#e2e2e2; border-width:1px; background-color:#ffffff; }.fusion-accordian  #accordion-8170-1 .panel-title a .fa-fusion-box{ color: #009fe3;}.fusion-accordian  #accordion-8170-1 .panel-title a .fa-fusion-box:before{ font-size: 16px; width: 16px;}.fusion-accordian  #accordion-8170-1.fusion-toggle-icon-right .fusion-toggle-heading{ margin-right: 34px;}.fusion-accordian  #accordion-8170-1 .panel-title a{font-size:28px;}.fusion-accordian  #accordion-8170-1 .panel-title a:hover, #accordion-8170-1 .fusion-toggle-boxed-mode:hover .panel-title a { color: #009fe3;}.fusion-accordian  #accordion-8170-1 .fusion-toggle-boxed-mode:hover .panel-title a .fa-fusion-box{ color: #009fe3;}.fusion-accordian  #accordion-8170-1.fusion-toggle-icon-unboxed .fusion-panel .panel-title a:hover .fa-fusion-box{ color: #009fe3 !important;}<\/style><div class=\"accordian fusion-accordian\"><div class=\"panel-group fusion-toggle-icon-right fusion-toggle-icon-unboxed\" id=\"accordion-8170-1\"><div class=\"fusion-panel panel-default fusion-toggle-no-divider fusion-toggle-boxed-mode\"><div class=\"panel-heading\"><h4 class=\"panel-title toggle\"><a class=\"active\" aria-expanded=\"true\" aria-controls=\"db69afff43453fd9e\" role=\"button\" data-toggle=\"collapse\" data-parent=\"#accordion-8170-1\" data-target=\"#db69afff43453fd9e\" href=\"#db69afff43453fd9e\"><span class=\"fusion-toggle-icon-wrapper\" aria-hidden=\"true\"><i class=\"fa-fusion-box\" aria-hidden=\"true\"><\/i><\/span><span class=\"fusion-toggle-heading\">Gu\u00edas y herramientas de formulaci\u00f3n<\/span><\/a><\/h4><\/div><div id=\"db69afff43453fd9e\" class=\"panel-collapse collapse in\"><div class=\"panel-body toggle-content fusion-clearfix\">\n<ul>\n<li>Gu\u00eda de formulaci\u00f3n y evaluaci\u00f3n de proyectos <a href=\"https:\/\/portal.segeplan.gob.gt\/segeplan\/wp-content\/uploads\/2023\/03\/8_Guia-de-Formulacion-y-Evaluacion-de-Proyectos-de-Inversion-Publica-FEPIP.pdf\">descargar<\/a><\/li>\n<li>Gu\u00eda General de Planificaci\u00f3n para el Desarrollo\u00a0 <a href=\"https:\/\/portal.segeplan.gob.gt\/segeplan\/wp-content\/uploads\/2023\/03\/Guia-General-de-Planificacion-del-Desarrollo.pdf\">descargar<\/a><\/li>\n<li>Gu\u00eda Orientadora Programas y Proyectos de Cooperaci\u00f3n Internacional No Reembolsable 6ta. Edic.\u00a0 <a href=\"https:\/\/portal.segeplan.gob.gt\/segeplan\/wp-content\/uploads\/2023\/03\/Guia-Orientadora-Programas-y-Proyectos-de-Cooperacion-Internacional-No-Reembolsable-6ta.-edic.pdf\">descargar<\/a><\/li>\n<li>Gu\u00eda para finalizar los proyectos de Inversi\u00f3n P\u00fablica en el SINIP <a href=\"https:\/\/portal.segeplan.gob.gt\/segeplan\/wp-content\/uploads\/2023\/03\/1_-Guia-para-Finalizar-los-Proyectos-de-Inversion-Publica-en-el-SINIP.pdf\">descargar<\/a><\/li>\n<li>Gu\u00eda para la construcci\u00f3n de indicadores <a href=\"https:\/\/portal.segeplan.gob.gt\/segeplan\/wp-content\/uploads\/2023\/03\/2_Guia-para-la-construccion-de-indicadores.pdf\">descargar<\/a><\/li>\n<li>Gu\u00eda para la implementaci\u00f3n del PDM-OT en Guatemala <a href=\"https:\/\/portal.segeplan.gob.gt\/segeplan\/wp-content\/uploads\/2023\/03\/3_GUIA_PARA_LA_IMPLEMENTACION_DEL_PDM-OT_EN_GUATEMALA.pdf\">descargar<\/a><\/li>\n<li>Gu\u00eda metodol\u00f3gica para la elaboraci\u00f3n del Plan de Desarrollo Municipal y Ordenamiento Territorial en Guatemala <a href=\"https:\/\/portal.segeplan.gob.gt\/segeplan\/wp-content\/uploads\/2023\/03\/4_GUIA_PDM_OT.pdf\">descargar<\/a><\/li>\n<li>Herramientas metodol\u00f3gicas de para integraci\u00f3n del PEI 2021-2025 y POM 2023-2027\u00a0 y POA 2023 <a href=\"https:\/\/portal.segeplan.gob.gt\/segeplan\/wp-content\/uploads\/2023\/02\/Guia-de-Formulacion-Politicas-Publicas.pdf\">descargar<\/a><\/li>\n<li>Normas del Sistema Nacional de Inversi\u00f3n P\u00fablica <a href=\"https:\/\/portal.segeplan.gob.gt\/segeplan\/wp-content\/uploads\/2023\/03\/Doc.-Normas-SNIP-Doc.2-1.pdf\">descargar<\/a><\/li>\n<li>Gu\u00eda mediada de formulaci\u00f3n y evaluaci\u00f3n de proyectos <a href=\"https:\/\/portal.segeplan.gob.gt\/segeplan\/wp-content\/uploads\/2023\/03\/Doc.-Normas-SNIP-Doc.2.pdf\">descargar<\/a><\/li>\n<\/ul>\n<\/div><\/div><\/div><div class=\"fusion-panel panel-default fusion-toggle-no-divider fusion-toggle-boxed-mode\"><div class=\"panel-heading\"><h4 class=\"panel-title toggle\"><a aria-expanded=\"false\" aria-controls=\"3c588938a68dbad42\" role=\"button\" data-toggle=\"collapse\" data-parent=\"#accordion-8170-1\" data-target=\"#3c588938a68dbad42\" href=\"#3c588938a68dbad42\"><span class=\"fusion-toggle-icon-wrapper\" aria-hidden=\"true\"><i class=\"fa-fusion-box\" aria-hidden=\"true\"><\/i><\/span><span class=\"fusion-toggle-heading\">Marco Normativo<\/span><\/a><\/h4><\/div><div id=\"3c588938a68dbad42\" class=\"panel-collapse collapse \"><div class=\"panel-body toggle-content fusion-clearfix\">\n<ul>\n<li>Ley de Consejos de Desarrollo Urbano y Rural <a href=\"https:\/\/portal.segeplan.gob.gt\/segeplan\/wp-content\/uploads\/2023\/03\/2_1-LEY-DE-CONSEJOS-DE-DESARROLLO-URBANO-Y-RURAL.pdf\">descargar<\/a><\/li>\n<li>Reglamento de Consejos de Desarrollo y Rural <a href=\"https:\/\/portal.segeplan.gob.gt\/segeplan\/wp-content\/uploads\/2023\/03\/2_2-REGLAMENTO-DE-CONSEJOS-DE-DESARROLLO-URBANO-Y-RURAL.pdf\">descargar<\/a><\/li>\n<\/ul>\n<\/div><\/div><\/div><div class=\"fusion-panel panel-default fusion-toggle-no-divider fusion-toggle-boxed-mode\"><div class=\"panel-heading\"><h4 class=\"panel-title toggle\"><a aria-expanded=\"false\" aria-controls=\"1998ca20d00f1a7f5\" role=\"button\" data-toggle=\"collapse\" data-parent=\"#accordion-8170-1\" data-target=\"#1998ca20d00f1a7f5\" href=\"#1998ca20d00f1a7f5\"><span class=\"fusion-toggle-icon-wrapper\" aria-hidden=\"true\"><i class=\"fa-fusion-box\" aria-hidden=\"true\"><\/i><\/span><span class=\"fusion-toggle-heading\">Otros documentos<\/span><\/a><\/h4><\/div><div id=\"1998ca20d00f1a7f5\" class=\"panel-collapse collapse \"><div class=\"panel-body toggle-content fusion-clearfix\">\n<ul>\n<li>Curso de fortalecimiento de capacidades <a href=\"https:\/\/portal.segeplan.gob.gt\/segeplan\/wp-content\/uploads\/2023\/03\/3_1-Bifoliar-Programas-De-Fortalecimiento.pdf\">descargar<\/a><\/li>\n<li>Marco normativo, conceptual y metodol\u00f3gico del Sistema Nacional de Planificaci\u00f3n de Guatemala <a href=\"https:\/\/portal.segeplan.gob.gt\/segeplan\/wp-content\/uploads\/2023\/03\/3_3-Marco-Normativo-Conceptual-y-Metodologico-del-SNP.pdf\">descargar<\/a><\/li>\n<li>2da. Edici\u00f3n de Pol\u00edtica de Cooperaci\u00f3n No Reembolsable <a href=\"https:\/\/portal.segeplan.gob.gt\/segeplan\/wp-content\/uploads\/2023\/03\/3_4-Politica-de-Cooperacion-Internacional-no-Reembolsable.pdf\">descargar<\/a><\/li>\n<\/ul>\n<\/div><\/div><\/div><\/div><\/div><\/div><style type=\"text\/css\">.fusion-body .fusion-builder-column-0{width:100% !important;margin-top : 0px;margin-bottom : 20px;}.fusion-builder-column-0 > .fusion-column-wrapper {padding-top : 0px !important;padding-right : 0px !important;margin-right : 1.92%;padding-bottom : 0px !important;padding-left : 0px !important;margin-left : 1.92%;}@media only screen and (max-width:1024px) {.fusion-body .fusion-builder-column-0{width:100% !important;order : 0;}.fusion-builder-column-0 > .fusion-column-wrapper {margin-right : 1.92%;margin-left : 1.92%;}}@media only screen and (max-width:640px) {.fusion-body .fusion-builder-column-0{width:100% !important;order : 0;}.fusion-builder-column-0 > .fusion-column-wrapper {margin-right : 1.92%;margin-left : 1.92%;}}<\/style><\/div><\/div><style type=\"text\/css\">.fusion-body .fusion-flex-container.fusion-builder-row-1{ padding-top : 0px;margin-top : 0px;padding-right : 0px;padding-bottom : 0px;margin-bottom : 0px;padding-left : 0px;}<\/style><\/div>\n","protected":false},"excerpt":{"rendered":"","protected":false},"author":5,"featured_media":0,"parent":6416,"menu_order":0,"comment_status":"closed","ping_status":"closed","template":"","meta":{"_price":"","_stock":"","_tribe_ticket_header":"","_tribe_default_ticket_provider":"","_ticket_start_date":"","_ticket_end_date":"","_tribe_ticket_show_description":"","_tribe_ticket_show_not_going":false,"_tribe_ticket_use_global_stock":"","_tribe_ticket_global_stock_level":"","_global_stock_mode":"","_global_stock_cap":"","_tribe_rsvp_for_event":"","_tribe_ticket_going_count":"","_tribe_ticket_not_going_count":"","_tribe_tickets_list":"[]","_tribe_ticket_has_attendee_info_fields":false,"footnotes":"","_tec_slr_enabled":"","_tec_slr_layout":""},"class_list":["post-8170","page","type-page","status-publish","hentry"],"ticketed":false,"_links":{"self":[{"href":"https:\/\/portal.segeplan.gob.gt\/segeplan\/index.php?rest_route=\/wp\/v2\/pages\/8170","targetHints":{"allow":["GET"]}}],"collection":[{"href":"https:\/\/portal.segeplan.gob.gt\/segeplan\/index.php?rest_route=\/wp\/v2\/pages"}],"about":[{"href":"https:\/\/portal.segeplan.gob.gt\/segeplan\/index.php?rest_route=\/wp\/v2\/types\/page"}],"author":[{"embeddable":true,"href":"https:\/\/portal.segeplan.gob.gt\/segeplan\/index.php?rest_route=\/wp\/v2\/users\/5"}],"replies":[{"embeddable":true,"href":"https:\/\/portal.segeplan.gob.gt\/segeplan\/index.php?rest_route=%2Fwp%2Fv2%2Fcomments&post=8170"}],"version-history":[{"count":13,"href":"https:\/\/portal.segeplan.gob.gt\/segeplan\/index.php?rest_route=\/wp\/v2\/pages\/8170\/revisions"}],"predecessor-version":[{"id":8893,"href":"https:\/\/portal.segeplan.gob.gt\/segeplan\/index.php?rest_route=\/wp\/v2\/pages\/8170\/revisions\/8893"}],"up":[{"embeddable":true,"href":"https:\/\/portal.segeplan.gob.gt\/segeplan\/index.php?rest_route=\/wp\/v2\/pages\/6416"}],"wp:attachment":[{"href":"https:\/\/portal.segeplan.gob.gt\/segeplan\/index.php?rest_route=%2Fwp%2Fv2%2Fmedia&parent=8170"}],"curies":[{"name":"wp","href":"https:\/\/api.w.org\/{rel}","templated":true}]}}